58628 (base 10) in base 12?
77970
What is -1011101110011100100 (base 2) in base 12?
-166430
Convert 2403202441 (base 5) to base 4.
111010031012
What is -2257675 (base 8) in base 15?
-c2058
Convert -14511505 (base 6) to base 3.
-221202122212
400263 (base 9) to base 15
4a0b0
Convert -1416159 (base 14) to base 9.
-20278233
What is -212110110121 (base 3) in base 7?
-3632230
Convert 2141322 (base 8) to base 10.
574162
Convert 192bc (base 14) to base 8.
174266
What is 140127 (base 8) in base 14?
13d31
What is -457420 (base 10) in base 3?
-212020110111
Convert 11110141011 (base 5) to base 11.
6978a79
What is 6578405 (base 10) in base 16?
6460e5
-11590 (base 16) to base 7
-414106
What is -2042140 (base 6) in base 7?
-561411
-18730 (base 12) to base 13
-1328a
What is -241192 (base 13) in base 7?
-10206202
What is 3017a2 (base 12) in base 10?
749354
Convert -32141404 (base 5) to base 15.
-55689
Convert 38b49 (base 12) to base 8.
227551
-11001121010 (base 3) to base 2
-10011100000011000
-55376433 (base 8) to base 7
-203243021
What is -100330424 (base 5) in base 9?
-672374
Convert 312003020 (base 4) to base 8.
660310
94a1c (base 13) to base 8
1012440
c09333 (base 13) to base 15
5d6293
Convert -32ad13 (base 14) to base 9.
-3211734
107783 (base 16) to base 7
12113162
What is -19661 (base 15) in base 4?
-110020021
What is -300300104 (base 5) in base 3?
-2020000102002
-11323012102 (base 4) to base 2
-101111011000110010010
6014536 (base 9) to base 15
432ac6
131232530 (base 7) to base 2
100000000001100001100000
What is -30103303132 (base 4) in base 16?
-313cde
1257674 (base 9) to base 5
134004000
Convert -152985 (base 10) to base 9.
-252763
Convert 3378160 (base 9) to base 6.
103025300
Convert -2a345 (base 14) to base 15.
-2114b
What is -3056130 (base 7) in base 12?
-158520
What is 12241423 (base 5) in base 3?
20000100211
What is -36004410 (base 7) in base 5?
-1303144343
Convert 16561c (base 15) to base 14.
202133
-111155661 (base 7) to base 14
-c751a1
What is 683617 (base 9) in base 13?
1144ba
What is -340659 (base 11) in base 9?
-1016155
What is 100001100101100110101111 (base 2) in base 4?
201211212233
-2002343 (base 6) to base 16
-16eb7
What is -324300 (base 7) in base 8?
-156646
Convert -100010011001111110001 (base 2) to base 6.
-40055253
-133703 (base 8) to base 3
-2101112100
Convert 26650 (base 11) to base 16.
94a1
What is 1021444204 (base 5) in base 13?
59c400
Convert 2415007 (base 8) to base 5.
132141043
Convert 4213044 (base 5) to base 6.
1255010
Convert -1443514 (base 7) to base 11.
-12409a
What is -11022311 (base 4) in base 9?
-32035
Convert -222111011010 (base 3) to base 9.
-874133
-24bcd (base 15) to base 12
-57b4a
-10077a (base 11) to base 4
-213203001
Convert -17ece (base 16) to base 7.
-555465
Convert 5363 (base 8) to base 9.
3754
-44b9b (base 13) to base 4
-132201123
What is 2bb900 (base 13) in base 6?
35111153
What is a9799 (base 11) in base 2?
100110111001110000
What is -1134133 (base 6) in base 12?
-2a349
What is -7a864 (base 13) in base 4?
-312201203
What is -11100011001111011100 (base 2) in base 7?
-10624434
1100300000 (base 4) to base 12
13b4a8
22111202200 (base 3) to base 12
80b23
774576 (base 9) to base 4
1300331010
Convert -8110373 (base 9) to base 3.
-22010100102110
What is -292aa (base 16) in base 13?
-5b998
What is 15d6dc3 (base 14) in base 6?
1022045251
What is -12241011220 (base 5) in base 9?
-30730151
-45d5c (base 16) to base 10
-286044
Convert -15a609 (base 12) to base 6.
-11540013
11211120222110 (base 3) to base 4
21303203013
3051152 (base 7) to base 12
157545
-1004332 (base 8) to base 13
-93473
Convert -3343044 (base 7) to base 15.
-82a23
What is 1465628 (base 11) in base 6?
125453034
Convert -13120202 (base 5) to base 10.
-129427
What is -1006573 (base 10) in base 4?
-3311233231
-124455 (base 15) to base 4
-3111221201
Convert -11221201100122 (base 3) to base 6.
-132224542
Convert 1000110001101101111001 (base 2) to base 5.
1042111133
Convert -46520133 (base 7) to base 15.
-55b836
-282a737 (base 12) to base 4
-132212212123
110230011021 (base 4) to base 12
1996689
What is -20101212122220 (base 3) in base 2?
-1100111110101111100110
What is -69685 (base 13) in base 8?
-567406
What is -30233000232 (base 4) in base 8?
-14570056
What is -18411991 (base 10) in base 15?
-193a611
-441866 (base 9) to base 11
-170289
Convert 20200121021 (base 3) to base 14.
35da3
52492 (base 12) to base 13
3a100
Convert 213124133 (base 5) to base 2.
11011110011101000000
-112440110 (base 5) to base 15
-a2905
32400232 (base 7) to base 10
2773276
-a1082 (base 15) to base 4
-1330130303
Convert -1212012210112 (base 3) to base 7.
-11254364
What is -219d18 (base 16) in base 6?
-115114344
What is -564473 (base 8) in base 7?
-1423131
Convert -14370c (base 14) to base 11.
-439828
What is 209810a (base 11) in base 14?
6bd262
What is 913026 (base 10) in base 2?
11011110111010000010
Convert -1303320212 (base 4) to base 8.
-1637046
10001110111010101110 (base 2) to base 9
1082003
-51873a (base 12) to base 6
-43232514
Convert 3427a63 (base 11) to base 14.
b221d3
110110001110001100 (base 2) to base 7
1613333
12844 (base 10) to base 8
31054
11906ca (base 13) to base 12
19b1723
10001010101001111110111 (base 2) to base 12
16313b3
37144061 (base 8) to base 14
112c305
What is 669002 (base 10) in base 8?
2432512
92391 (base 13) to base 10
262068
c8736 (base 13) to base 3
200100221020
5637333 (base 8) to base 6
52352511
Convert -5567664 (base 8) to base 7.
-15530244
What is -12414202 (base 5) in base 15?
-266d7
What is 1da913 (base 14) in base 5?
233111303
-33565353 (base 7) to base 4
-23021312031
Convert -77c8f1 (base 16) to base 14.
-1084c25
What is c50103 (base 14) in base 10?
6646167
-3211fb (base 16) to base 13
-8ab778
What is 64b60 (base 12) in base 16?
20778
121321003 (base 4) to base 10
106051
Convert 2843416 (base 9) to base 3.
2221110110120
What is -1303333103 (base 4) in base 12?
-1aab2b
Convert -248812 (base 10) to base 9.
-418267
-60702642 (base 8) to base 5
-11240014410
What is -123464 (base 7) in base 5?
-1213010
Convert 530374 (base 9) to base 6.
10431234
Convert -3310333230 (base 4) to base 10.
-1003500
86084 (base 15) to base 5
102102444
What is -240070 (base 8) in base 15?
-19451
-1000010110110100001111101 (base 2) to base 11
-998a762
Convert -3510521 (base 6) to base 8.
-540161
What is -6782048 (base 10) in base 12?
-2330968
Convert 53514103 (base 7) to base 16.
458eba
What is 3210013332 (base 4) in base 6?
32005530
64224 (base 15) to base 4
1031210212
What is -1323201 (base 14) in base 10?
-9228465
-2301223323 (base 4) to base 13
-1c636b
Convert 813a40 (base 13) to base 15.
3e6078
What is 11221032 (base 4) in base 9?
34636
What is -12112012120 (base 3) in base 2?
-11010100011100011
What is 837 (base 9) in base 14?
36a
Convert 63e727 (base 15) to base 10.
4756987
Convert 19028 (base 10) to base 2.
100101001010100
Convert 13a7883 (base 11) to base 14.
46ab80
What is 9511675 (base 10) in base 16?
9122fb
Convert 12112112121 (base 3) to base 7.
632554
c5003 (base 16) to base 3
1111222212202
-100100111101000010011000 (base 2) to base 3
-200020011022220
What is 1020110011 (base 4) in base 10?
296197
42203220 (base 5) to base 7
2656451
Convert 57150 (base 16) to base 10.
356688
What is 2131909 (base 12) in base 2?
10111111110101011011001
Convert 11c31 (base 15) to base 7.
324304
Convert 10101011101001110 (base 2) to base 15.
1b091
Convert 15731e (base 15) to base 6.
34120045
What is -25415633 (base 7) in base 5?
-1042310433
effa7f (base 16) to base 14
21356d9
What is -17130844 (base 9) in base 16?
-82f54c
Convert -101011010111010100000 (base 2) to base 3.
-2200012012011
1246 (base 9) to base 7
2502
103436 (base 7) to base 12
a54b
211023301020 (base 4) to base 15
cc8253
46080 (base 11) to base 13
24440
What is 3030030130 (base 5) in base 9?
12420611
What is -36bb0 (base 14) in base 16?
-20b86
What is -100001010110110011101 (base 2) in base 14?
-20648d
Convert 111100100110111010111001 (base 2) to base 11.
8a71a29
What is 221203232013 (base 4) in base 14?
16382a3
What is 21634 (base 13) in base 11?
413a8
What is -355712 (base 14) in base 5?
-431230120
10112302 (base 5) to base 11
5683a
Convert -126184 (base 10) to base 14.
-33db2
Convert -a715a0 (base 11) to base 